{"id":2078,"date":"2015-12-02T17:37:47","date_gmt":"2015-12-02T16:37:47","guid":{"rendered":"http:\/\/www.spsf.cz\/?page_id=2078"},"modified":"2022-06-25T09:33:57","modified_gmt":"2022-06-25T08:33:57","slug":"fotoarchiv-prof-ptacka-2","status":"publish","type":"page","link":"https:\/\/www.spsf.cz\/?page_id=2078","title":{"rendered":"Fotoarchiv prof. Pt\u00e1\u010dka"},"content":{"rendered":"<p>Jedn\u00e1 se o osobn\u00ed archiv prof. Pt\u00e1\u010dka, kter\u00fd zajistil prof. F. Bo\u0161ka a zpracoval J. Pintr<\/p>\nngg_shortcode_0_placeholder\n","protected":false},"excerpt":{"rendered":"<p>Jedn\u00e1 se o osobn\u00ed archiv prof. Pt\u00e1\u010dka, kter\u00fd zajistil prof. F. Bo\u0161ka a zpracoval J. Pintr<\/p>\n","protected":false},"author":1,"featured_media":0,"parent":8781,"menu_order":1,"comment_status":"closed","ping_status":"closed","template":"","meta":{"ngg_post_thumbnail":0,"footnotes":""},"class_list":["post-2078","page","type-page","status-publish","hentry"],"_links":{"self":[{"href":"https:\/\/www.spsf.cz\/index.php?rest_route=\/wp\/v2\/pages\/2078","targetHints":{"allow":["GET"]}}],"collection":[{"href":"https:\/\/www.spsf.cz\/index.php?rest_route=\/wp\/v2\/pages"}],"about":[{"href":"https:\/\/www.spsf.cz\/index.php?rest_route=\/wp\/v2\/types\/page"}],"author":[{"embeddable":true,"href":"https:\/\/www.spsf.cz\/index.php?rest_route=\/wp\/v2\/users\/1"}],"replies":[{"embeddable":true,"href":"https:\/\/www.spsf.cz\/index.php?rest_route=%2Fwp%2Fv2%2Fcomments&post=2078"}],"version-history":[{"count":2,"href":"https:\/\/www.spsf.cz\/index.php?rest_route=\/wp\/v2\/pages\/2078\/revisions"}],"predecessor-version":[{"id":2814,"href":"https:\/\/www.spsf.cz\/index.php?rest_route=\/wp\/v2\/pages\/2078\/revisions\/2814"}],"up":[{"embeddable":true,"href":"https:\/\/www.spsf.cz\/index.php?rest_route=\/wp\/v2\/pages\/8781"}],"wp:attachment":[{"href":"https:\/\/www.spsf.cz\/index.php?rest_route=%2Fwp%2Fv2%2Fmedia&parent=2078"}],"curies":[{"name":"wp","href":"https:\/\/api.w.org\/{rel}","templated":true}]}}

Fotoarchiv prof. Ptáčka

<p>Jedná se o osobní archiv prof. Ptáčka, který zajistil prof. F. Boška a zpracoval J. Pintr</p>
ngg_shortcode_0_placeholder

<p>Jedná se o osobní archiv prof. Ptáčka, který zajistil prof. F. Boška a zpracoval J. Pintr</p>
