{"id":3910,"date":"2016-01-26T15:18:38","date_gmt":"2016-01-26T14:18:38","guid":{"rendered":"http:\/\/www.spsf.cz\/?page_id=3910"},"modified":"2022-03-05T12:32:13","modified_gmt":"2022-03-05T11:32:13","slug":"bezejmenny-10","status":"publish","type":"page","link":"https:\/\/www.spsf.cz\/?page_id=3910","title":{"rendered":"Bezejmenn\u00fd 10"},"content":{"rendered":"<p><!-- default-view.php -->\n<div\n\tclass=\"ngg-galleryoverview default-view\n\t ngg-ajax-pagination-none\t\"\n\tid=\"ngg-gallery-ba2d8a21e641d3c7b3f31f7b56865fa2-1\">\n\n\t\t<!-- Thumbnails -->\n\t\t\t\t<div id=\"ngg-image-0\" class=\"ngg-gallery-thumbnail-box\n\t\t\t\t\t\t\t\t\t\t\t\"\n\t\t\t>\n\t\t\t\t\t\t<div class=\"ngg-gallery-thumbnail\">\n\t\t\t<a href=\"https:\/\/www.spsf.cz\/wp-content\/gallery\/bezejmenny-10\/Ji%C2%B0%C3%9D-%C5%90m%C3%9Dd.jpg\"\n\t\t\t\ttitle=\"\"\n\t\t\t\tdata-src=\"https:\/\/www.spsf.cz\/wp-content\/gallery\/bezejmenny-10\/Ji%C2%B0%C3%9D-%C5%90m%C3%9Dd.jpg\"\n\t\t\t\tdata-thumbnail=\"https:\/\/www.spsf.cz\/wp-content\/gallery\/bezejmenny-10\/thumbs\/thumbs_Ji%C2%B0%C3%9D-%C5%90m%C3%9Dd.jpg\"\n\t\t\t\tdata-image-id=\"1591\"\n\t\t\t\tdata-title=\"Ji\u0159\u00ed \u0160m\u00edd\"\n\t\t\t\tdata-description=\"\"\n\t\t\t\tdata-image-slug=\"ji%c2%b0%c3%bd-%c5%91m%c3%bdd\"\n\t\t\t\tclass=\"ngg-fancybox\" rel=\"ba2d8a21e641d3c7b3f31f7b56865fa2\">\n\t\t\t\t<img\n\t\t\t\t\ttitle=\"Ji\u0159\u00ed \u0160m\u00edd\"\n\t\t\t\t\talt=\"Ji\u0159\u00ed \u0160m\u00edd\"\n\t\t\t\t\tsrc=\"https:\/\/www.spsf.cz\/wp-content\/gallery\/bezejmenny-10\/thumbs\/thumbs_Ji%C2%B0%C3%9D-%C5%90m%C3%9Dd.jpg\"\n\t\t\t\t\twidth=\"240\"\n\t\t\t\t\theight=\"160\"\n\t\t\t\t\tstyle=\"max-width:100%;\"\n\t\t\t\t\/>\n\t\t\t<\/a>\n\t\t<\/div>\n\t\t\t\t\t\t\t<\/div>\n\t\t\t\n\t\t\t\t<div id=\"ngg-image-1\" class=\"ngg-gallery-thumbnail-box\n\t\t\t\t\t\t\t\t\t\t\t\"\n\t\t\t>\n\t\t\t\t\t\t<div class=\"ngg-gallery-thumbnail\">\n\t\t\t<a href=\"https:\/\/www.spsf.cz\/wp-content\/gallery\/bezejmenny-10\/Ji%C2%B0%C3%9D-Vo%C3%97en%C3%9Dlek-VO%C3%84E%C4%8E.jpg\"\n\t\t\t\ttitle=\"\"\n\t\t\t\tdata-src=\"https:\/\/www.spsf.cz\/wp-content\/gallery\/bezejmenny-10\/Ji%C2%B0%C3%9D-Vo%C3%97en%C3%9Dlek-VO%C3%84E%C4%8E.jpg\"\n\t\t\t\tdata-thumbnail=\"https:\/\/www.spsf.cz\/wp-content\/gallery\/bezejmenny-10\/thumbs\/thumbs_Ji%C2%B0%C3%9D-Vo%C3%97en%C3%9Dlek-VO%C3%84E%C4%8E.jpg\"\n\t\t\t\tdata-image-id=\"1592\"\n\t\t\t\tdata-title=\"Ji\u0159\u00ed Vo\u017een\u00edlek a Mr. Pavelka\"\n\t\t\t\tdata-description=\"\"\n\t\t\t\tdata-image-slug=\"ji%c2%b0%c3%bd-vo%c3%97en%c3%bdlek-vo%c3%a4e%c4%8f-1\"\n\t\t\t\tclass=\"ngg-fancybox\" rel=\"ba2d8a21e641d3c7b3f31f7b56865fa2\">\n\t\t\t\t<img\n\t\t\t\t\ttitle=\"Ji\u0159\u00ed Vo\u017een\u00edlek a Mr. Pavelka\"\n\t\t\t\t\talt=\"Ji\u0159\u00ed Vo\u017een\u00edlek a Mr. Pavelka\"\n\t\t\t\t\tsrc=\"https:\/\/www.spsf.cz\/wp-content\/gallery\/bezejmenny-10\/thumbs\/thumbs_Ji%C2%B0%C3%9D-Vo%C3%97en%C3%9Dlek-VO%C3%84E%C4%8E.jpg\"\n\t\t\t\t\twidth=\"240\"\n\t\t\t\t\theight=\"160\"\n\t\t\t\t\tstyle=\"max-width:100%;\"\n\t\t\t\t\/>\n\t\t\t<\/a>\n\t\t<\/div>\n\t\t\t\t\t\t\t<\/div>\n\t\t\t\n\t\t\t\t<div id=\"ngg-image-2\" class=\"ngg-gallery-thumbnail-box\n\t\t\t\t\t\t\t\t\t\t\t\"\n\t\t\t>\n\t\t\t\t\t\t<div class=\"ngg-gallery-thumbnail\">\n\t\t\t<a href=\"https:\/\/www.spsf.cz\/wp-content\/gallery\/bezejmenny-10\/Kamil-Hodou%C3%9Cek-.jpg\"\n\t\t\t\ttitle=\"\"\n\t\t\t\tdata-src=\"https:\/\/www.spsf.cz\/wp-content\/gallery\/bezejmenny-10\/Kamil-Hodou%C3%9Cek-.jpg\"\n\t\t\t\tdata-thumbnail=\"https:\/\/www.spsf.cz\/wp-content\/gallery\/bezejmenny-10\/thumbs\/thumbs_Kamil-Hodou%C3%9Cek-.jpg\"\n\t\t\t\tdata-image-id=\"1593\"\n\t\t\t\tdata-title=\"Kamil Hodou\u0161ek -\"\n\t\t\t\tdata-description=\"\"\n\t\t\t\tdata-image-slug=\"kamil-hodou%c3%bcek-1\"\n\t\t\t\tclass=\"ngg-fancybox\" rel=\"ba2d8a21e641d3c7b3f31f7b56865fa2\">\n\t\t\t\t<img\n\t\t\t\t\ttitle=\"Kamil Hodou\u0161ek -\"\n\t\t\t\t\talt=\"Kamil Hodou\u0161ek -\"\n\t\t\t\t\tsrc=\"https:\/\/www.spsf.cz\/wp-content\/gallery\/bezejmenny-10\/thumbs\/thumbs_Kamil-Hodou%C3%9Cek-.jpg\"\n\t\t\t\t\twidth=\"240\"\n\t\t\t\t\theight=\"160\"\n\t\t\t\t\tstyle=\"max-width:100%;\"\n\t\t\t\t\/>\n\t\t\t<\/a>\n\t\t<\/div>\n\t\t\t\t\t\t\t<\/div>\n\t\t\t\n\t\t\t\t<div id=\"ngg-image-3\" class=\"ngg-gallery-thumbnail-box\n\t\t\t\t\t\t\t\t\t\t\t\"\n\t\t\t>\n\t\t\t\t\t\t<div class=\"ngg-gallery-thumbnail\">\n\t\t\t<a href=\"https:\/\/www.spsf.cz\/wp-content\/gallery\/bezejmenny-10\/Vo%C3%97en%C3%9DlekLerven%C5%99Tok%C3%9FrHodou%C3%9Cek.jpg\"\n\t\t\t\ttitle=\"\"\n\t\t\t\tdata-src=\"https:\/\/www.spsf.cz\/wp-content\/gallery\/bezejmenny-10\/Vo%C3%97en%C3%9DlekLerven%C5%99Tok%C3%9FrHodou%C3%9Cek.jpg\"\n\t\t\t\tdata-thumbnail=\"https:\/\/www.spsf.cz\/wp-content\/gallery\/bezejmenny-10\/thumbs\/thumbs_Vo%C3%97en%C3%9DlekLerven%C5%99Tok%C3%9FrHodou%C3%9Cek.jpg\"\n\t\t\t\tdata-image-id=\"1594\"\n\t\t\t\tdata-title=\"Vo\u017een\u00edlek,Lerven\u0159,Tok\u00dfr,Hodou\u0161ek\"\n\t\t\t\tdata-description=\"\"\n\t\t\t\tdata-image-slug=\"vo%c3%97en%c3%bdleklerven%c5%99tok%c3%9frhodou%c3%bcek-1\"\n\t\t\t\tclass=\"ngg-fancybox\" rel=\"ba2d8a21e641d3c7b3f31f7b56865fa2\">\n\t\t\t\t<img\n\t\t\t\t\ttitle=\"Vo\u017een\u00edlek,Lerven\u0159,Tok\u00dfr,Hodou\u0161ek\"\n\t\t\t\t\talt=\"Vo\u017een\u00edlek,Lerven\u0159,Tok\u00dfr,Hodou\u0161ek\"\n\t\t\t\t\tsrc=\"https:\/\/www.spsf.cz\/wp-content\/gallery\/bezejmenny-10\/thumbs\/thumbs_Vo%C3%97en%C3%9DlekLerven%C5%99Tok%C3%9FrHodou%C3%9Cek.jpg\"\n\t\t\t\t\twidth=\"240\"\n\t\t\t\t\theight=\"160\"\n\t\t\t\t\tstyle=\"max-width:100%;\"\n\t\t\t\t\/>\n\t\t\t<\/a>\n\t\t<\/div>\n\t\t\t\t\t\t\t<\/div>\n\t\t\t\n\t\n\t<br style=\"clear: both\" \/>\n\n\t\t<div class=\"slideshowlink\">\n\t\t<a href='https:\/\/www.spsf.cz\/index.php\/nggallery\/slideshow?page_id=3910'>[Uk\u00e1zat prezentaci]<\/a>\n\n\t<\/div>\n\t\n\t\t<!-- Pagination -->\n\t\t<div class='ngg-clear'><\/div>\t<\/div>\n<\/p>\n","protected":false},"excerpt":{"rendered":"<p>[Uk\u00e1zat prezentaci]<\/p>\n","protected":false},"author":1,"featured_media":0,"parent":3897,"menu_order":0,"comment_status":"closed","ping_status":"closed","template":"","meta":{"ngg_post_thumbnail":0,"footnotes":""},"class_list":["post-3910","page","type-page","status-publish","hentry"],"_links":{"self":[{"href":"https:\/\/www.spsf.cz\/index.php?rest_route=\/wp\/v2\/pages\/3910","targetHints":{"allow":["GET"]}}],"collection":[{"href":"https:\/\/www.spsf.cz\/index.php?rest_route=\/wp\/v2\/pages"}],"about":[{"href":"https:\/\/www.spsf.cz\/index.php?rest_route=\/wp\/v2\/types\/page"}],"author":[{"embeddable":true,"href":"https:\/\/www.spsf.cz\/index.php?rest_route=\/wp\/v2\/users\/1"}],"replies":[{"embeddable":true,"href":"https:\/\/www.spsf.cz\/index.php?rest_route=%2Fwp%2Fv2%2Fcomments&post=3910"}],"version-history":[{"count":1,"href":"https:\/\/www.spsf.cz\/index.php?rest_route=\/wp\/v2\/pages\/3910\/revisions"}],"predecessor-version":[{"id":3912,"href":"https:\/\/www.spsf.cz\/index.php?rest_route=\/wp\/v2\/pages\/3910\/revisions\/3912"}],"up":[{"embeddable":true,"href":"https:\/\/www.spsf.cz\/index.php?rest_route=\/wp\/v2\/pages\/3897"}],"wp:attachment":[{"href":"https:\/\/www.spsf.cz\/index.php?rest_route=%2Fwp%2Fv2%2Fmedia&parent=3910"}],"curies":[{"name":"wp","href":"https:\/\/api.w.org\/{rel}","templated":true}]}}