{"id":408,"date":"2015-10-16T12:02:31","date_gmt":"2015-10-16T10:02:31","guid":{"rendered":"http:\/\/localhost\/cimelice\/?page_id=408"},"modified":"2016-01-04T16:20:53","modified_gmt":"2016-01-04T15:20:53","slug":"vzpominka-na-m-cvorsjuka","status":"publish","type":"page","link":"https:\/\/www.spsf.cz\/?page_id=408","title":{"rendered":"Vzpom\u00ednka na M. \u010cvorsjuka (\u00famrt\u00ed 28.12.)"},"content":{"rendered":"<p><a href=\"https:\/\/www.spsf.cz\/wp-content\/uploads\/2015\/10\/cvors.jpg\"><img loading=\"lazy\" decoding=\"async\" class=\"alignnone size-medium wp-image-431\" src=\"https:\/\/www.spsf.cz\/wp-content\/uploads\/2015\/10\/cvors-300x208.jpg\" alt=\"cvors\" width=\"300\" height=\"208\" srcset=\"https:\/\/www.spsf.cz\/wp-content\/uploads\/2015\/10\/cvors-300x208.jpg 300w, https:\/\/www.spsf.cz\/wp-content\/uploads\/2015\/10\/cvors.jpg 472w\" sizes=\"auto, (max-width: 300px) 100vw, 300px\" \/><\/a><\/p>\n","protected":false},"excerpt":{"rendered":"","protected":false},"author":1,"featured_media":0,"parent":504,"menu_order":0,"comment_status":"closed","ping_status":"closed","template":"","meta":{"ngg_post_thumbnail":0,"footnotes":""},"class_list":["post-408","page","type-page","status-publish","hentry"],"_links":{"self":[{"href":"https:\/\/www.spsf.cz\/index.php?rest_route=\/wp\/v2\/pages\/408","targetHints":{"allow":["GET"]}}],"collection":[{"href":"https:\/\/www.spsf.cz\/index.php?rest_route=\/wp\/v2\/pages"}],"about":[{"href":"https:\/\/www.spsf.cz\/index.php?rest_route=\/wp\/v2\/types\/page"}],"author":[{"embeddable":true,"href":"https:\/\/www.spsf.cz\/index.php?rest_route=\/wp\/v2\/users\/1"}],"replies":[{"embeddable":true,"href":"https:\/\/www.spsf.cz\/index.php?rest_route=%2Fwp%2Fv2%2Fcomments&post=408"}],"version-history":[{"count":2,"href":"https:\/\/www.spsf.cz\/index.php?rest_route=\/wp\/v2\/pages\/408\/revisions"}],"predecessor-version":[{"id":2080,"href":"https:\/\/www.spsf.cz\/index.php?rest_route=\/wp\/v2\/pages\/408\/revisions\/2080"}],"up":[{"embeddable":true,"href":"https:\/\/www.spsf.cz\/index.php?rest_route=\/wp\/v2\/pages\/504"}],"wp:attachment":[{"href":"https:\/\/www.spsf.cz\/index.php?rest_route=%2Fwp%2Fv2%2Fmedia&parent=408"}],"curies":[{"name":"wp","href":"https:\/\/api.w.org\/{rel}","templated":true}]}}