{"id":447,"date":"2015-11-02T10:47:48","date_gmt":"2015-11-02T08:47:48","guid":{"rendered":"http:\/\/www.spsf.cz\/?page_id=447"},"modified":"2016-01-04T16:21:25","modified_gmt":"2016-01-04T15:21:25","slug":"vzpominka-na-m-hlavace","status":"publish","type":"page","link":"https:\/\/www.spsf.cz\/?page_id=447","title":{"rendered":"Vzpom\u00ednka na M. Hlav\u00e1\u010de"},"content":{"rendered":"<p><a href=\"https:\/\/www.spsf.cz\/wp-content\/uploads\/2015\/11\/mh_oznam.pdf\">M. Hlav\u00e1\u010d ozn\u00e1men\u00ed o \u00famrt\u00ed<\/a><\/p>\n<p>&nbsp;<\/p>\n","protected":false},"excerpt":{"rendered":"<p>M. Hlav\u00e1\u010d ozn\u00e1men\u00ed o \u00famrt\u00ed &nbsp;<\/p>\n","protected":false},"author":1,"featured_media":0,"parent":504,"menu_order":0,"comment_status":"closed","ping_status":"closed","template":"","meta":{"ngg_post_thumbnail":0,"footnotes":""},"class_list":["post-447","page","type-page","status-publish","hentry"],"_links":{"self":[{"href":"https:\/\/www.spsf.cz\/index.php?rest_route=\/wp\/v2\/pages\/447","targetHints":{"allow":["GET"]}}],"collection":[{"href":"https:\/\/www.spsf.cz\/index.php?rest_route=\/wp\/v2\/pages"}],"about":[{"href":"https:\/\/www.spsf.cz\/index.php?rest_route=\/wp\/v2\/types\/page"}],"author":[{"embeddable":true,"href":"https:\/\/www.spsf.cz\/index.php?rest_route=\/wp\/v2\/users\/1"}],"replies":[{"embeddable":true,"href":"https:\/\/www.spsf.cz\/index.php?rest_route=%2Fwp%2Fv2%2Fcomments&post=447"}],"version-history":[{"count":3,"href":"https:\/\/www.spsf.cz\/index.php?rest_route=\/wp\/v2\/pages\/447\/revisions"}],"predecessor-version":[{"id":460,"href":"https:\/\/www.spsf.cz\/index.php?rest_route=\/wp\/v2\/pages\/447\/revisions\/460"}],"up":[{"embeddable":true,"href":"https:\/\/www.spsf.cz\/index.php?rest_route=\/wp\/v2\/pages\/504"}],"wp:attachment":[{"href":"https:\/\/www.spsf.cz\/index.php?rest_route=%2Fwp%2Fv2%2Fmedia&parent=447"}],"curies":[{"name":"wp","href":"https:\/\/api.w.org\/{rel}","templated":true}]}}