{"id":521,"date":"2015-11-08T17:34:43","date_gmt":"2015-11-08T16:34:43","guid":{"rendered":"http:\/\/www.spsf.cz\/?page_id=521"},"modified":"2022-03-05T12:34:45","modified_gmt":"2022-03-05T11:34:45","slug":"obcasniky-2","status":"publish","type":"page","link":"https:\/\/www.spsf.cz\/?page_id=521","title":{"rendered":"Ob\u010dasn\u00edky"},"content":{"rendered":"<p>Video ob\u010dasn\u00edky z let &#8230;, kter\u00e9 uchoval a dodal J. Pol\u00e1k<br \/>\n<iframe loading=\"lazy\" src=\"\/\/www.youtube.com\/embed\/videoseries?list=PLdZSRuuOm-LNrQ9-g5PuiPngLrHp9H3pr\" width=\"560\" height=\"315\" frameborder=\"0\" allowfullscreen=\"allowfullscreen\"><\/iframe><\/p>\n","protected":false},"excerpt":{"rendered":"<p>Video ob\u010dasn\u00edky z let &#8230;, kter\u00e9 uchoval a dodal J. Pol\u00e1k<\/p>\n","protected":false},"author":1,"featured_media":0,"parent":8783,"menu_order":0,"comment_status":"closed","ping_status":"closed","template":"","meta":{"ngg_post_thumbnail":0,"footnotes":""},"class_list":["post-521","page","type-page","status-publish","hentry"],"_links":{"self":[{"href":"https:\/\/www.spsf.cz\/index.php?rest_route=\/wp\/v2\/pages\/521","targetHints":{"allow":["GET"]}}],"collection":[{"href":"https:\/\/www.spsf.cz\/index.php?rest_route=\/wp\/v2\/pages"}],"about":[{"href":"https:\/\/www.spsf.cz\/index.php?rest_route=\/wp\/v2\/types\/page"}],"author":[{"embeddable":true,"href":"https:\/\/www.spsf.cz\/index.php?rest_route=\/wp\/v2\/users\/1"}],"replies":[{"embeddable":true,"href":"https:\/\/www.spsf.cz\/index.php?rest_route=%2Fwp%2Fv2%2Fcomments&post=521"}],"version-history":[{"count":3,"href":"https:\/\/www.spsf.cz\/index.php?rest_route=\/wp\/v2\/pages\/521\/revisions"}],"predecessor-version":[{"id":2107,"href":"https:\/\/www.spsf.cz\/index.php?rest_route=\/wp\/v2\/pages\/521\/revisions\/2107"}],"up":[{"embeddable":true,"href":"https:\/\/www.spsf.cz\/index.php?rest_route=\/wp\/v2\/pages\/8783"}],"wp:attachment":[{"href":"https:\/\/www.spsf.cz\/index.php?rest_route=%2Fwp%2Fv2%2Fmedia&parent=521"}],"curies":[{"name":"wp","href":"https:\/\/api.w.org\/{rel}","templated":true}]}}