{"id":746,"date":"2015-11-30T13:44:45","date_gmt":"2015-11-30T12:44:45","guid":{"rendered":"http:\/\/www.spsf.cz\/?page_id=746"},"modified":"2022-03-05T12:33:21","modified_gmt":"2022-03-05T11:33:21","slug":"foto-2014-zabijacka-od-m-dalkovice","status":"publish","type":"page","link":"https:\/\/www.spsf.cz\/?page_id=746","title":{"rendered":"M. D\u00c1LKOVI\u010c 14"},"content":{"rendered":"<p>Report\u00e9r Mari\u00e1n D. zachytil okam\u017eiky na podzimni ZAB\u00cdJA\u010cCE v r. 2014<\/p>\nngg_shortcode_0_placeholder\n","protected":false},"excerpt":{"rendered":"<p>Report\u00e9r Mari\u00e1n D. zachytil okam\u017eiky na podzimni ZAB\u00cdJA\u010cCE v r. 2014<\/p>\n","protected":false},"author":1,"featured_media":0,"parent":2121,"menu_order":0,"comment_status":"closed","ping_status":"closed","template":"","meta":{"ngg_post_thumbnail":0,"footnotes":""},"class_list":["post-746","page","type-page","status-publish","hentry"],"_links":{"self":[{"href":"https:\/\/www.spsf.cz\/index.php?rest_route=\/wp\/v2\/pages\/746","targetHints":{"allow":["GET"]}}],"collection":[{"href":"https:\/\/www.spsf.cz\/index.php?rest_route=\/wp\/v2\/pages"}],"about":[{"href":"https:\/\/www.spsf.cz\/index.php?rest_route=\/wp\/v2\/types\/page"}],"author":[{"embeddable":true,"href":"https:\/\/www.spsf.cz\/index.php?rest_route=\/wp\/v2\/users\/1"}],"replies":[{"embeddable":true,"href":"https:\/\/www.spsf.cz\/index.php?rest_route=%2Fwp%2Fv2%2Fcomments&post=746"}],"version-history":[{"count":6,"href":"https:\/\/www.spsf.cz\/index.php?rest_route=\/wp\/v2\/pages\/746\/revisions"}],"predecessor-version":[{"id":3398,"href":"https:\/\/www.spsf.cz\/index.php?rest_route=\/wp\/v2\/pages\/746\/revisions\/3398"}],"up":[{"embeddable":true,"href":"https:\/\/www.spsf.cz\/index.php?rest_route=\/wp\/v2\/pages\/2121"}],"wp:attachment":[{"href":"https:\/\/www.spsf.cz\/index.php?rest_route=%2Fwp%2Fv2%2Fmedia&parent=746"}],"curies":[{"name":"wp","href":"https:\/\/api.w.org\/{rel}","templated":true}]}}