{"id":861,"date":"2015-11-30T18:38:09","date_gmt":"2015-11-30T17:38:09","guid":{"rendered":"http:\/\/www.spsf.cz\/?page_id=861"},"modified":"2015-12-29T15:12:34","modified_gmt":"2015-12-29T14:12:34","slug":"diplomova-prace-od","status":"publish","type":"page","link":"https:\/\/www.spsf.cz\/?page_id=861","title":{"rendered":"Magistersk\u00e1 pr\u00e1ce od Kv\u011bty Lujkov\u00e9"},"content":{"rendered":"<p><a href=\"https:\/\/www.spsf.cz\/wp-content\/uploads\/2015\/11\/KLujkova_magisterska-prace_FINAL.doc\">KLujkova_magisterska-prace_FINAL<\/a><\/p>\n<p>V\u011bnov\u00e1no v\u0161em na\u0161im absolvent\u016fm<\/p>\n","protected":false},"excerpt":{"rendered":"<p>KLujkova_magisterska-prace_FINAL V\u011bnov\u00e1no v\u0161em na\u0161im absolvent\u016fm<\/p>\n","protected":false},"author":1,"featured_media":0,"parent":243,"menu_order":0,"comment_status":"closed","ping_status":"closed","template":"","meta":{"ngg_post_thumbnail":0,"footnotes":""},"class_list":["post-861","page","type-page","status-publish","hentry"],"_links":{"self":[{"href":"https:\/\/www.spsf.cz\/index.php?rest_route=\/wp\/v2\/pages\/861","targetHints":{"allow":["GET"]}}],"collection":[{"href":"https:\/\/www.spsf.cz\/index.php?rest_route=\/wp\/v2\/pages"}],"about":[{"href":"https:\/\/www.spsf.cz\/index.php?rest_route=\/wp\/v2\/types\/page"}],"author":[{"embeddable":true,"href":"https:\/\/www.spsf.cz\/index.php?rest_route=\/wp\/v2\/users\/1"}],"replies":[{"embeddable":true,"href":"https:\/\/www.spsf.cz\/index.php?rest_route=%2Fwp%2Fv2%2Fcomments&post=861"}],"version-history":[{"count":3,"href":"https:\/\/www.spsf.cz\/index.php?rest_route=\/wp\/v2\/pages\/861\/revisions"}],"predecessor-version":[{"id":865,"href":"https:\/\/www.spsf.cz\/index.php?rest_route=\/wp\/v2\/pages\/861\/revisions\/865"}],"up":[{"embeddable":true,"href":"https:\/\/www.spsf.cz\/index.php?rest_route=\/wp\/v2\/pages\/243"}],"wp:attachment":[{"href":"https:\/\/www.spsf.cz\/index.php?rest_route=%2Fwp%2Fv2%2Fmedia&parent=861"}],"curies":[{"name":"wp","href":"https:\/\/api.w.org\/{rel}","templated":true}]}}