{"id":8811,"date":"2016-07-26T09:01:04","date_gmt":"2016-07-26T08:01:04","guid":{"rendered":"http:\/\/www.spsf.cz\/?page_id=8811"},"modified":"2022-03-05T12:34:45","modified_gmt":"2022-03-05T11:34:45","slug":"video-spsf-cimelice-1979-i-kratky","status":"publish","type":"page","link":"https:\/\/www.spsf.cz\/?page_id=8811","title":{"rendered":"Video &#8211; SPSF \u010cimelice 1979 &#8211; I. Kr\u00e1tk\u00fd"},"content":{"rendered":"<p>autor I. Kr\u00e1tk\u00fd<\/p>\n<p><iframe loading=\"lazy\" width=\"780\" height=\"585\" src=\"https:\/\/www.youtube.com\/embed\/YW2WS2N79Qg?feature=oembed\" frameborder=\"0\" allowfullscreen><\/iframe><\/p>\n","protected":false},"excerpt":{"rendered":"<p>autor I. Kr\u00e1tk\u00fd<\/p>\n","protected":false},"author":1,"featured_media":0,"parent":8783,"menu_order":0,"comment_status":"closed","ping_status":"closed","template":"","meta":{"ngg_post_thumbnail":0,"footnotes":""},"class_list":["post-8811","page","type-page","status-publish","hentry"],"_links":{"self":[{"href":"https:\/\/www.spsf.cz\/index.php?rest_route=\/wp\/v2\/pages\/8811","targetHints":{"allow":["GET"]}}],"collection":[{"href":"https:\/\/www.spsf.cz\/index.php?rest_route=\/wp\/v2\/pages"}],"about":[{"href":"https:\/\/www.spsf.cz\/index.php?rest_route=\/wp\/v2\/types\/page"}],"author":[{"embeddable":true,"href":"https:\/\/www.spsf.cz\/index.php?rest_route=\/wp\/v2\/users\/1"}],"replies":[{"embeddable":true,"href":"https:\/\/www.spsf.cz\/index.php?rest_route=%2Fwp%2Fv2%2Fcomments&post=8811"}],"version-history":[{"count":1,"href":"https:\/\/www.spsf.cz\/index.php?rest_route=\/wp\/v2\/pages\/8811\/revisions"}],"predecessor-version":[{"id":8812,"href":"https:\/\/www.spsf.cz\/index.php?rest_route=\/wp\/v2\/pages\/8811\/revisions\/8812"}],"up":[{"embeddable":true,"href":"https:\/\/www.spsf.cz\/index.php?rest_route=\/wp\/v2\/pages\/8783"}],"wp:attachment":[{"href":"https:\/\/www.spsf.cz\/index.php?rest_route=%2Fwp%2Fv2%2Fmedia&parent=8811"}],"curies":[{"name":"wp","href":"https:\/\/api.w.org\/{rel}","templated":true}]}}