{"id":9404,"date":"2022-05-31T19:02:36","date_gmt":"2022-05-31T18:02:36","guid":{"rendered":"https:\/\/www.spsf.cz\/?page_id=9404"},"modified":"2022-06-25T10:49:39","modified_gmt":"2022-06-25T09:49:39","slug":"pozvanka-na-28-slet-18-6-2022","status":"publish","type":"page","link":"https:\/\/www.spsf.cz\/?page_id=9404","title":{"rendered":"POZV\u00c1NKA na 28. Slet (18.6.2022)"},"content":{"rendered":"\n<p class=\"has-text-color\" style=\"color:#2f6a8d\">Mil\u00e9 spolu\u017ea\u010dky a mil\u00ed spolu\u017e\u00e1ci, kamar\u00e1dky a p\u0159\u00e1tel\u00e9,<\/p>\n\n\n\n<p class=\"has-text-color\" style=\"color:#2f6a8d\">po dvou dlouh\u00fdch \u201ecovidov\u00fdch\u201c letech bychom se op\u011bt r\u00e1di setkali na ji\u017e<\/p>\n\n\n\n<p class=\"has-text-color\" style=\"color:#2f6a8d\"><strong><em>&nbsp;&nbsp;&nbsp;&nbsp;&nbsp;&nbsp;&nbsp;&nbsp;&nbsp;&nbsp;&nbsp;&nbsp;&nbsp;&nbsp;&nbsp;&nbsp; 28. celo\u0161kolsk\u00e9ho srazu na\u0161\u00ed SP\u0160F \u201eFilmovky\u201c v \u010cimelic\u00edch<\/em><\/strong><em><\/em><\/p>\n\n\n\n<p class=\"has-text-color\" style=\"color:#2f6a8d\"><em>(neb\u00fdt covidu mohl to b\u00fdt kr\u00e1sn\u00fd<strong> kulat\u00fd 30.sraz)<\/strong><\/em><\/p>\n\n\n\n<p class=\"has-text-color\" style=\"color:#2f6a8d\">Na\u0161e setk\u00e1n\u00ed bude v\u00fdznamn\u00e9 nejen t\u00edm, \u017ee se poda\u0159ilo naj\u00edt nov\u00e9ho n\u00e1jemce na\u0161\u00ed z\u00e1kladny <strong>Restaurace Na Hv\u00ed\u017e\u010falce<\/strong> skv\u011bl\u00e9ho pana Ji\u0159\u00edho<a><\/a> Fouska, kter\u00fd n\u011bkolik let velmi \u00fasp\u011b\u0161n\u011b provozoval Restauraci Na Kn\u00ed\u017eec\u00ed, ale i dal\u0161\u00edmi v\u00fdro\u010d\u00edmi:<\/p>\n\n\n\n<p class=\"has-text-color\" style=\"color:#2f6a8d\"><strong><em>70 let<\/em><\/strong><em> od p\u0159est\u011bhov\u00e1n\u00ed filmov\u00e9 \u0161koly na z\u00e1mek v \u010cimelic\u00edch<\/em><\/p>\n\n\n\n<p class=\"has-text-color\" style=\"color:#2f6a8d\"><strong><em>40 let<\/em><\/strong><em> (1982) od p\u0159est\u011bhov\u00e1n\u00ed filmov\u00e9 \u0161koly z&nbsp;\u010cimelic do Prahy &#8211; slou\u010den\u00ed \u0161koly s \u201epr\u016fmyslovkou sd\u011blovac\u00ed techniky\u201c v&nbsp;Pansk\u00e9 ul. v Praze<\/em>&nbsp;&nbsp;&nbsp;&nbsp;&nbsp;&nbsp;&nbsp;&nbsp;&nbsp;&nbsp;&nbsp;&nbsp;&nbsp;&nbsp;&nbsp;&nbsp;&nbsp;&nbsp;<\/p>\n\n\n\n<p class=\"has-text-color\" style=\"color:#2f6a8d\"><em>(co\u017e se bohu\u017eel prakticky rovnalo z\u00e1niku Filmovky)<\/em><\/p>\n\n\n\n<p class=\"has-text-color\" style=\"color:#2f6a8d\"><strong><em>30 let od prvn\u00edho<\/em><\/strong><strong><em> pl\u00e1novan\u00e9ho celo\u0161kolsk\u00e9ho srazu v&nbsp;\u010cimelic\u00edch<\/em><\/strong><\/p>\n\n\n\n<p class=\"has-text-color\" style=\"color:#2f6a8d\"><em>stanovil se nem\u011bnn\u00fd term\u00edn 3. sobota v \u010dervnu<\/em><\/p>\n\n\n\n<p class=\"has-text-color\" style=\"color:#2f6a8d\">Term\u00edn:&nbsp;&nbsp;&nbsp;&nbsp;&nbsp;&nbsp;&nbsp;&nbsp;&nbsp;&nbsp; <strong><em>3. sobota v&nbsp;\u010dervnu tj. 18. 06. 2022<\/em><\/strong><\/p>\n\n\n\n<p class=\"has-text-color\" style=\"color:#2f6a8d\">M\u00edsto:&nbsp;&nbsp;&nbsp;&nbsp;&nbsp;&nbsp;&nbsp;&nbsp;&nbsp;&nbsp;&nbsp;&nbsp;&nbsp; <strong><em>Restaurace Na Hv\u00ed\u017e\u010falce<\/em><\/strong><\/p>\n\n\n\n<p class=\"has-text-color\" style=\"color:#2f6a8d\">Program:&nbsp;&nbsp;&nbsp;&nbsp;&nbsp;&nbsp;&nbsp; 11:00 hod. zah\u00e1jena \u201eakreditace\u201c, kde stejn\u011b jako v&nbsp;letech minul\u00fdch z\u00edsk\u00e1te placku srazu a jmenovku (abychom se navz\u00e1jem poznali), na tomto m\u00edst\u011b m\u016f\u017ee\u0161 i nahl\u00e1sit p\u0159\u00edpadn\u00e9 zm\u011bny kontaktn\u00edch \u00fadaj\u016f; budeme r\u00e1di za p\u0159\u00edsp\u011bvek na pokryt\u00ed n\u00e1klad\u016f spojen\u00fdch s&nbsp;organizac\u00ed srazu<\/p>\n\n\n\n<p class=\"has-luminous-vivid-orange-color has-text-color has-large-font-size\">&nbsp;&nbsp;&nbsp;&nbsp;&nbsp;&nbsp;&nbsp;&nbsp;&nbsp;&nbsp;&nbsp;&nbsp;&nbsp;&nbsp;&nbsp;&nbsp;&nbsp;&nbsp;&nbsp;&nbsp;&nbsp;<strong>&nbsp;!!!!&nbsp; 14:00 a\u017e 15:00 hod.  BUDE prohl\u00eddku z\u00e1mku v&nbsp;\u010cimelic\u00edch !!!!<\/strong><\/p>\n\n\n\n<p class=\"has-text-color\" style=\"color:#2f6a8d\">&nbsp;&nbsp;&nbsp;&nbsp;&nbsp;&nbsp;&nbsp;&nbsp;&nbsp;&nbsp;&nbsp;&nbsp;&nbsp;&nbsp;&nbsp;&nbsp;&nbsp;&nbsp;&nbsp;&nbsp;&nbsp;&nbsp;&nbsp; 18:00 a\u017e 22:00 hod voln\u00e1 z\u00e1bava<\/p>\n\n\n\n<p class=\"has-text-color\" style=\"color:#2f6a8d\">&nbsp;&nbsp;&nbsp;&nbsp;&nbsp;&nbsp;&nbsp;&nbsp;&nbsp;&nbsp;&nbsp;&nbsp;&nbsp;&nbsp;&nbsp;&nbsp;&nbsp;&nbsp;&nbsp;&nbsp;&nbsp;&nbsp;&nbsp; 22:00 a\u017e dokud vydr\u017e\u00edme hudba, tanec<\/p>\n\n\n\n<p class=\"has-text-color\" style=\"color:#2f6a8d\">Skaln\u00ed fanou\u0161ci sraz\u016f p\u0159ijedou u\u017e v&nbsp;p\u00e1tek 17. 06. 2022. V&nbsp;odpoledn\u00edch a ve\u010dern\u00edch hodin\u00e1ch se m\u016f\u017eeme setkat Na Hv\u00ed\u017e\u010falce.<\/p>\n\n\n\n<p>T\u011b\u0161\u00edme se na vid\u011bnou v&nbsp;sobotu 18. \u010dervna 2022<\/p>\n\n\n\n<p>&nbsp;&nbsp;&nbsp;&nbsp;&nbsp;&nbsp;&nbsp;&nbsp;&nbsp;&nbsp;&nbsp;&nbsp;&nbsp;&nbsp;&nbsp;&nbsp;&nbsp;&nbsp;&nbsp;&nbsp;&nbsp;&nbsp;&nbsp;&nbsp;&nbsp;&nbsp;&nbsp;&nbsp;&nbsp;&nbsp;&nbsp;&nbsp;&nbsp;&nbsp;&nbsp;&nbsp;&nbsp;&nbsp;&nbsp;&nbsp;&nbsp;&nbsp;&nbsp;&nbsp;&nbsp;&nbsp;&nbsp;&nbsp;&nbsp;&nbsp;&nbsp;&nbsp;&nbsp;&nbsp;&nbsp;&nbsp;&nbsp;&nbsp;&nbsp;&nbsp;&nbsp;&nbsp;&nbsp;&nbsp;&nbsp;&nbsp;&nbsp;&nbsp; za organiza\u010dn\u00ed v\u00fdbor<\/p>\n\n\n\n<p>Eva \u0160tansk\u00e1, Pavla Veckov\u00e1<\/p>\n\n\n\n<p>Josef Mrva a Miroslav Vlk<\/p>\n\n\n\n<p class=\"has-vivid-cyan-blue-color has-text-color has-small-font-size\"><strong>Je\u0161t\u011b trochu nostalgie:<\/strong><\/p>\n\n\n\n<p class=\"has-small-font-size\">P\u0159ipome\u0148me si historii na\u0161\u00ed milovan\u00e9 \u0161koly:<\/p>\n\n\n\n<p class=\"has-small-font-size\">1950 vznik Vy\u0161\u0161\u00ed filmov\u00e9 \u0161koly \u2013 Kl\u00e1novice (3 obory: technika, produkce a chemie)<\/p>\n\n\n\n<p class=\"has-small-font-size\"><strong>1952 Vy\u0161\u0161\u00ed filmov\u00e1 \u0161kola \u2013 \u010cimelice<\/strong> (3 obory: technika, produkce a chemie)<\/p>\n\n\n\n<p class=\"has-small-font-size\">1954 Pr\u016fmyslov\u00e1 \u0161kola filmov\u00e1 \u2013 \u010cimelice (3 obory: technika, produkce a chemie)<\/p>\n\n\n\n<p class=\"has-small-font-size\">1955 zva\u017eovalo se uzav\u0159en\u00ed \u0161koly<\/p>\n\n\n\n<p class=\"has-small-font-size\">1957 \u0161kola byla p\u0159evedena pod dohled ministerstva kultury<\/p>\n\n\n\n<p class=\"has-small-font-size\">1959 St\u0159edn\u00ed pr\u016fmyslov\u00e1 \u0161kola filmov\u00e1 \u2013 \u010cimelice (st\u00e1le 3 obory)<\/p>\n\n\n\n<p class=\"has-small-font-size\">1965 St\u0159edn\u00ed pr\u016fmyslov\u00e1 \u0161kola filmov\u00e1 \u2013 \u010cimelice (2 obory: technika a produkce)<\/p>\n\n\n\n<p class=\"has-small-font-size\"><strong>1982 slou\u010den\u00ed St\u0159edn\u00ed pr\u016fmyslov\u00e9 \u0161koly filmov\u00e9<\/strong> a St\u0159edn\u00ed pr\u016fmyslov\u00e9 \u0161koly spojov\u00e9 techniky = St\u0159edn\u00ed pr\u016fmyslov\u00e1 \u0161kola sd\u011blovac\u00ed techniky \u2013 Praha<\/p>\n","protected":false},"excerpt":{"rendered":"<p>Mil\u00e9 spolu\u017ea\u010dky a mil\u00ed spolu\u017e\u00e1ci, kamar\u00e1dky a p\u0159\u00e1tel\u00e9, po dvou dlouh\u00fdch \u201ecovidov\u00fdch\u201c letech bychom se op\u011bt r\u00e1di setkali na ji\u017e &nbsp;&nbsp;&nbsp;&nbsp;&nbsp;&nbsp;&nbsp;&nbsp;&nbsp;&nbsp;&nbsp;&nbsp;&nbsp;&nbsp;&nbsp;&nbsp; 28. celo\u0161kolsk\u00e9ho srazu na\u0161\u00ed SP\u0160F \u201eFilmovky\u201c v \u010cimelic\u00edch (neb\u00fdt covidu mohl to b\u00fdt kr\u00e1sn\u00fd kulat\u00fd 30.sraz) Na\u0161e setk\u00e1n\u00ed bude v\u00fdznamn\u00e9 nejen t\u00edm, \u017ee se poda\u0159ilo naj\u00edt nov\u00e9ho n\u00e1jemce na\u0161\u00ed z\u00e1kladny Restaurace Na Hv\u00ed\u017e\u010falce skv\u011bl\u00e9ho<a class=\"more-link\" href=\"https:\/\/www.spsf.cz\/?page_id=9404\">Read more -><\/a><\/p>\n","protected":false},"author":1,"featured_media":0,"parent":9426,"menu_order":1,"comment_status":"closed","ping_status":"closed","template":"","meta":{"ngg_post_thumbnail":0,"footnotes":""},"class_list":["post-9404","page","type-page","status-publish","hentry"],"_links":{"self":[{"href":"https:\/\/www.spsf.cz\/index.php?rest_route=\/wp\/v2\/pages\/9404","targetHints":{"allow":["GET"]}}],"collection":[{"href":"https:\/\/www.spsf.cz\/index.php?rest_route=\/wp\/v2\/pages"}],"about":[{"href":"https:\/\/www.spsf.cz\/index.php?rest_route=\/wp\/v2\/types\/page"}],"author":[{"embeddable":true,"href":"https:\/\/www.spsf.cz\/index.php?rest_route=\/wp\/v2\/users\/1"}],"replies":[{"embeddable":true,"href":"https:\/\/www.spsf.cz\/index.php?rest_route=%2Fwp%2Fv2%2Fcomments&post=9404"}],"version-history":[{"count":6,"href":"https:\/\/www.spsf.cz\/index.php?rest_route=\/wp\/v2\/pages\/9404\/revisions"}],"predecessor-version":[{"id":9431,"href":"https:\/\/www.spsf.cz\/index.php?rest_route=\/wp\/v2\/pages\/9404\/revisions\/9431"}],"up":[{"embeddable":true,"href":"https:\/\/www.spsf.cz\/index.php?rest_route=\/wp\/v2\/pages\/9426"}],"wp:attachment":[{"href":"https:\/\/www.spsf.cz\/index.php?rest_route=%2Fwp%2Fv2%2Fmedia&parent=9404"}],"curies":[{"name":"wp","href":"https:\/\/api.w.org\/{rel}","templated":true}]}}

POZVÁNKA na 28. Slet (18.6.2022)

<p class="has-text-color" style="color:#2f6a8d">Milé spolužačky a milí spolužáci, kamarádky a přátelé,</p>



<p class="has-text-color" style="color:#2f6a8d">po dvou dlouhých „covidových“ letech bychom se opět rádi setkali na již</p>



<p class="has-text-color" style="color:#2f6a8d"><strong><em>&nbsp;&nbsp;&nbsp;&nbsp;&nbsp;&nbsp;&nbsp;&nbsp;&nbsp;&nbsp;&nbsp;&nbsp;&nbsp;&nbsp;&nbsp;&nbsp; 28. celoškolského srazu naší SPŠF „Filmovky“ v Čimelicích</em></strong><em></em></p>



<p class="has-text-color" style="color:#2f6a8d"><em>(nebýt covidu mohl to být krásný<strong> kulatý 30.sraz)</strong></em></p>



<p class="has-text-color" style="color:#2f6a8d">Naše setkání bude významné nejen tím, že se podařilo najít nového nájemce naší základny <strong>Restaurace Na Hvížďalce</strong> skvělého pana Jiřího<a></a> Fouska, který několik let velmi úspěšně provozoval Restauraci Na Knížecí, ale i dalšími výročími:</p>



<p class="has-text-color" style="color:#2f6a8d"><strong><em>70 let</em></strong><em> od přestěhování filmové školy na zámek v Čimelicích</em></p>



<p class="has-text-color" style="color:#2f6a8d"><strong><em>40 let</em></strong><em> (1982) od přestěhování filmové školy z&nbsp;Čimelic do Prahy &#8211; sloučení školy s „průmyslovkou sdělovací techniky“ v&nbsp;Panské ul. v Praze</em>&nbsp;&nbsp;&nbsp;&nbsp;&nbsp;&nbsp;&nbsp;&nbsp;&nbsp;&nbsp;&nbsp;&nbsp;&nbsp;&nbsp;&nbsp;&nbsp;&nbsp;&nbsp;</p>



<p class="has-text-color" style="color:#2f6a8d"><em>(což se bohužel prakticky rovnalo zániku Filmovky)</em></p>



<p class="has-text-color" style="color:#2f6a8d"><strong><em>30 let od prvního</em></strong><strong><em> plánovaného celoškolského srazu v&nbsp;Čimelicích</em></strong></p>



<p class="has-text-color" style="color:#2f6a8d"><em>stanovil se neměnný termín 3. sobota v červnu</em></p>



<p class="has-text-color" style="color:#2f6a8d">Termín:&nbsp;&nbsp;&nbsp;&nbsp;&nbsp;&nbsp;&nbsp;&nbsp;&nbsp;&nbsp; <strong><em>3. sobota v&nbsp;červnu tj. 18. 06. 2022</em></strong></p>



<p class="has-text-color" style="color:#2f6a8d">Místo:&nbsp;&nbsp;&nbsp;&nbsp;&nbsp;&nbsp;&nbsp;&nbsp;&nbsp;&nbsp;&nbsp;&nbsp;&nbsp; <strong><em>Restaurace Na Hvížďalce</em></strong></p>



<p class="has-text-color" style="color:#2f6a8d">Program:&nbsp;&nbsp;&nbsp;&nbsp;&nbsp;&nbsp;&nbsp; 11:00 hod. zahájena „akreditace“, kde stejně jako v&nbsp;letech minulých získáte placku srazu a jmenovku (abychom se navzájem poznali), na tomto místě můžeš i nahlásit případné změny kontaktních údajů; budeme rádi za příspěvek na pokrytí nákladů spojených s&nbsp;organizací srazu</p>



<p class="has-luminous-vivid-orange-color has-text-color has-large-font-size">&nbsp;&nbsp;&nbsp;&nbsp;&nbsp;&nbsp;&nbsp;&nbsp;&nbsp;&nbsp;&nbsp;&nbsp;&nbsp;&nbsp;&nbsp;&nbsp;&nbsp;&nbsp;&nbsp;&nbsp;&nbsp;<strong>&nbsp;!!!!&nbsp; 14:00 až 15:00 hod.  BUDE prohlídku zámku v&nbsp;Čimelicích !!!!</strong></p>



<p class="has-text-color" style="color:#2f6a8d">&nbsp;&nbsp;&nbsp;&nbsp;&nbsp;&nbsp;&nbsp;&nbsp;&nbsp;&nbsp;&nbsp;&nbsp;&nbsp;&nbsp;&nbsp;&nbsp;&nbsp;&nbsp;&nbsp;&nbsp;&nbsp;&nbsp;&nbsp; 18:00 až 22:00 hod volná zábava</p>



<p class="has-text-color" style="color:#2f6a8d">&nbsp;&nbsp;&nbsp;&nbsp;&nbsp;&nbsp;&nbsp;&nbsp;&nbsp;&nbsp;&nbsp;&nbsp;&nbsp;&nbsp;&nbsp;&nbsp;&nbsp;&nbsp;&nbsp;&nbsp;&nbsp;&nbsp;&nbsp; 22:00 až dokud vydržíme hudba, tanec</p>



<p class="has-text-color" style="color:#2f6a8d">Skalní fanoušci srazů přijedou už v&nbsp;pátek 17. 06. 2022. V&nbsp;odpoledních a večerních hodinách se můžeme setkat Na Hvížďalce.</p>



<p>Těšíme se na viděnou v&nbsp;sobotu 18. června 2022</p>



<p>&nbsp;&nbsp;&nbsp;&nbsp;&nbsp;&nbsp;&nbsp;&nbsp;&nbsp;&nbsp;&nbsp;&nbsp;&nbsp;&nbsp;&nbsp;&nbsp;&nbsp;&nbsp;&nbsp;&nbsp;&nbsp;&nbsp;&nbsp;&nbsp;&nbsp;&nbsp;&nbsp;&nbsp;&nbsp;&nbsp;&nbsp;&nbsp;&nbsp;&nbsp;&nbsp;&nbsp;&nbsp;&nbsp;&nbsp;&nbsp;&nbsp;&nbsp;&nbsp;&nbsp;&nbsp;&nbsp;&nbsp;&nbsp;&nbsp;&nbsp;&nbsp;&nbsp;&nbsp;&nbsp;&nbsp;&nbsp;&nbsp;&nbsp;&nbsp;&nbsp;&nbsp;&nbsp;&nbsp;&nbsp;&nbsp;&nbsp;&nbsp;&nbsp; za organizační výbor</p>



<p>Eva Štanská, Pavla Vecková</p>



<p>Josef Mrva a Miroslav Vlk</p>



<p class="has-vivid-cyan-blue-color has-text-color has-small-font-size"><strong>Ještě trochu nostalgie:</strong></p>



<p class="has-small-font-size">Připomeňme si historii naší milované školy:</p>



<p class="has-small-font-size">1950 vznik Vyšší filmové školy – Klánovice (3 obory: technika, produkce a chemie)</p>



<p class="has-small-font-size"><strong>1952 Vyšší filmová škola – Čimelice</strong> (3 obory: technika, produkce a chemie)</p>



<p class="has-small-font-size">1954 Průmyslová škola filmová – Čimelice (3 obory: technika, produkce a chemie)</p>



<p class="has-small-font-size">1955 zvažovalo se uzavření školy</p>



<p class="has-small-font-size">1957 škola byla převedena pod dohled ministerstva kultury</p>



<p class="has-small-font-size">1959 Střední průmyslová škola filmová – Čimelice (stále 3 obory)</p>



<p class="has-small-font-size">1965 Střední průmyslová škola filmová – Čimelice (2 obory: technika a produkce)</p>



<p class="has-small-font-size"><strong>1982 sloučení Střední průmyslové školy filmové</strong> a Střední průmyslové školy spojové techniky = Střední průmyslová škola sdělovací techniky – Praha</p>

<p>Milé spolužačky a milí spolužáci, kamarádky a přátelé, po dvou dlouhých „covidových“ letech bychom se opět rádi setkali na již &nbsp;&nbsp;&nbsp;&nbsp;&nbsp;&nbsp;&nbsp;&nbsp;&nbsp;&nbsp;&nbsp;&nbsp;&nbsp;&nbsp;&nbsp;&nbsp; 28. celoškolského srazu naší SPŠF „Filmovky“ v Čimelicích (nebýt covidu mohl to být krásný kulatý 30.sraz) Naše setkání bude významné nejen tím, že se podařilo najít nového nájemce naší základny Restaurace Na Hvížďalce skvělého<a class="more-link" href="https://www.spsf.cz/?page_id=9404">Read more -></a></p>
