{"id":9663,"date":"2024-07-10T16:19:56","date_gmt":"2024-07-10T15:19:56","guid":{"rendered":"https:\/\/www.spsf.cz\/?page_id=9663"},"modified":"2025-11-25T17:50:31","modified_gmt":"2025-11-25T16:50:31","slug":"30-slet-foto-od-mariana-d","status":"publish","type":"page","link":"https:\/\/www.spsf.cz\/?page_id=9663","title":{"rendered":"30. Slet &#8211; foto od Mari\u00e1na D."},"content":{"rendered":"\n<figure class=\"wp-block-gallery has-nested-images columns-default is-cropped wp-block-gallery-1 is-layout-flex wp-block-gallery-is-layout-flex\">\n<figure class=\"wp-block-image size-large\"><a href=\"https:\/\/www.spsf.cz\/wp-content\/uploads\/2024\/07\/15b961fb-64ba-454b-bee6-28bbdd824571.jpg\"><img loading=\"lazy\" decoding=\"async\" width=\"1024\" height=\"766\" data-id=\"9666\" src=\"https:\/\/www.spsf.cz\/wp-content\/uploads\/2024\/07\/15b961fb-64ba-454b-bee6-28bbdd824571-1024x766.jpg\" alt=\"\" class=\"wp-image-9666\" srcset=\"https:\/\/www.spsf.cz\/wp-content\/uploads\/2024\/07\/15b961fb-64ba-454b-bee6-28bbdd824571-1024x766.jpg 1024w, https:\/\/www.spsf.cz\/wp-content\/uploads\/2024\/07\/15b961fb-64ba-454b-bee6-28bbdd824571-300x224.jpg 300w, https:\/\/www.spsf.cz\/wp-content\/uploads\/2024\/07\/15b961fb-64ba-454b-bee6-28bbdd824571-768x575.jpg 768w, https:\/\/www.spsf.cz\/wp-content\/uploads\/2024\/07\/15b961fb-64ba-454b-bee6-28bbdd824571-1536x1149.jpg 1536w, https:\/\/www.spsf.cz\/wp-content\/uploads\/2024\/07\/15b961fb-64ba-454b-bee6-28bbdd824571.jpg 1600w\" sizes=\"auto, (max-width: 1024px) 100vw, 1024px\" \/><\/a><figcaption class=\"wp-element-caption\">Na Hv\u00ed\u017e\u010falce (2024)<\/figcaption><\/figure>\n\n\n\n<figure class=\"wp-block-image size-large\"><a href=\"https:\/\/www.spsf.cz\/wp-content\/uploads\/2025\/11\/30.-Slet-2-1.jpg\"><img loading=\"lazy\" decoding=\"async\" width=\"768\" height=\"1024\" data-id=\"9729\" src=\"https:\/\/www.spsf.cz\/wp-content\/uploads\/2025\/11\/30.-Slet-2-1-768x1024.jpg\" alt=\"\" class=\"wp-image-9729\" srcset=\"https:\/\/www.spsf.cz\/wp-content\/uploads\/2025\/11\/30.-Slet-2-1-768x1024.jpg 768w, https:\/\/www.spsf.cz\/wp-content\/uploads\/2025\/11\/30.-Slet-2-1-225x300.jpg 225w, https:\/\/www.spsf.cz\/wp-content\/uploads\/2025\/11\/30.-Slet-2-1-1152x1536.jpg 1152w, https:\/\/www.spsf.cz\/wp-content\/uploads\/2025\/11\/30.-Slet-2-1.jpg 1200w\" sizes=\"auto, (max-width: 768px) 100vw, 768px\" \/><\/a><figcaption class=\"wp-element-caption\">Pivo maj dobr\u00fd (2024)<\/figcaption><\/figure>\n\n\n\n<figure class=\"wp-block-image size-large\"><a href=\"https:\/\/www.spsf.cz\/wp-content\/uploads\/2024\/07\/0a08f95a-fcc9-480e-a0cb-4a46c5e93627.jpg\"><img loading=\"lazy\" decoding=\"async\" width=\"1024\" height=\"766\" data-id=\"9664\" src=\"https:\/\/www.spsf.cz\/wp-content\/uploads\/2024\/07\/0a08f95a-fcc9-480e-a0cb-4a46c5e93627-1024x766.jpg\" alt=\"\" class=\"wp-image-9664\" srcset=\"https:\/\/www.spsf.cz\/wp-content\/uploads\/2024\/07\/0a08f95a-fcc9-480e-a0cb-4a46c5e93627-1024x766.jpg 1024w, https:\/\/www.spsf.cz\/wp-content\/uploads\/2024\/07\/0a08f95a-fcc9-480e-a0cb-4a46c5e93627-300x224.jpg 300w, https:\/\/www.spsf.cz\/wp-content\/uploads\/2024\/07\/0a08f95a-fcc9-480e-a0cb-4a46c5e93627-768x575.jpg 768w, https:\/\/www.spsf.cz\/wp-content\/uploads\/2024\/07\/0a08f95a-fcc9-480e-a0cb-4a46c5e93627-1536x1149.jpg 1536w, https:\/\/www.spsf.cz\/wp-content\/uploads\/2024\/07\/0a08f95a-fcc9-480e-a0cb-4a46c5e93627.jpg 1600w\" sizes=\"auto, (max-width: 1024px) 100vw, 1024px\" \/><\/a><figcaption class=\"wp-element-caption\">D\u00e1my (2024)<\/figcaption><\/figure>\n\n\n\n<figure class=\"wp-block-image size-large\"><a href=\"https:\/\/www.spsf.cz\/wp-content\/uploads\/2024\/07\/86786c1d-7206-4934-a601-228fac657637.jpg\"><img loading=\"lazy\" decoding=\"async\" width=\"1024\" height=\"766\" data-id=\"9667\" src=\"https:\/\/www.spsf.cz\/wp-content\/uploads\/2024\/07\/86786c1d-7206-4934-a601-228fac657637-1024x766.jpg\" alt=\"\" class=\"wp-image-9667\" srcset=\"https:\/\/www.spsf.cz\/wp-content\/uploads\/2024\/07\/86786c1d-7206-4934-a601-228fac657637-1024x766.jpg 1024w, https:\/\/www.spsf.cz\/wp-content\/uploads\/2024\/07\/86786c1d-7206-4934-a601-228fac657637-300x224.jpg 300w, https:\/\/www.spsf.cz\/wp-content\/uploads\/2024\/07\/86786c1d-7206-4934-a601-228fac657637-768x575.jpg 768w, https:\/\/www.spsf.cz\/wp-content\/uploads\/2024\/07\/86786c1d-7206-4934-a601-228fac657637-1536x1149.jpg 1536w, https:\/\/www.spsf.cz\/wp-content\/uploads\/2024\/07\/86786c1d-7206-4934-a601-228fac657637.jpg 1600w\" sizes=\"auto, (max-width: 1024px) 100vw, 1024px\" \/><\/a><figcaption class=\"wp-element-caption\">na s\u00e1le to v\u0159e (2024)<\/figcaption><\/figure>\n<\/figure>\n","protected":false},"excerpt":{"rendered":"","protected":false},"author":1,"featured_media":0,"parent":244,"menu_order":-1,"comment_status":"closed","ping_status":"closed","template":"","meta":{"ngg_post_thumbnail":0,"footnotes":""},"class_list":["post-9663","page","type-page","status-publish","hentry"],"_links":{"self":[{"href":"https:\/\/www.spsf.cz\/index.php?rest_route=\/wp\/v2\/pages\/9663","targetHints":{"allow":["GET"]}}],"collection":[{"href":"https:\/\/www.spsf.cz\/index.php?rest_route=\/wp\/v2\/pages"}],"about":[{"href":"https:\/\/www.spsf.cz\/index.php?rest_route=\/wp\/v2\/types\/page"}],"author":[{"embeddable":true,"href":"https:\/\/www.spsf.cz\/index.php?rest_route=\/wp\/v2\/users\/1"}],"replies":[{"embeddable":true,"href":"https:\/\/www.spsf.cz\/index.php?rest_route=%2Fwp%2Fv2%2Fcomments&post=9663"}],"version-history":[{"count":4,"href":"https:\/\/www.spsf.cz\/index.php?rest_route=\/wp\/v2\/pages\/9663\/revisions"}],"predecessor-version":[{"id":9738,"href":"https:\/\/www.spsf.cz\/index.php?rest_route=\/wp\/v2\/pages\/9663\/revisions\/9738"}],"up":[{"embeddable":true,"href":"https:\/\/www.spsf.cz\/index.php?rest_route=\/wp\/v2\/pages\/244"}],"wp:attachment":[{"href":"https:\/\/www.spsf.cz\/index.php?rest_route=%2Fwp%2Fv2%2Fmedia&parent=9663"}],"curies":[{"name":"wp","href":"https:\/\/api.w.org\/{rel}","templated":true}]}}